pose 0 = m - 3*b + 3 + 9, -v*m + 30 = 3*b. What is the units digit of m?
3
Suppose -5*a = i - 59, -a - 2*a = 4*i - 151. Suppose 0*x - i = -2*x. What is the tens digit of x?
1
Let l = -7 + 69. What is the tens digit of l?
6
Let d(l) = -l - 2. Let x be d(0). Let b = x + 0. What is the units digit of (1 - -1)/b + 7?
6
Let w = -46 + 83. Let y = 67 - w. What is the units digit of y?
0
Let g(d) = d**2 + 8*d + 10. What is the tens digit of g(-9)?
1
Let b = 94 - 26. What is the units digit of b?
8
Suppose 0*h - 4 = -2*h. Suppose -4*b = 5*c - 5*b - 190, 5*c - 185 = h*b. What is the units digit of c?
9
Let r(a) = a**3 - 5*a**2 - 5*a - 8. Let q be r(6). Let g be -2 - ((-24)/(-2))/q. Suppose 0 = 3*h - g*n - 4, -4*h + 3*h + 2*n = 2. What is the units digit of h?
8
Let c(b) = 12*b + 19. What is the hundreds digit of c(10)?
1
Let z(w) = -4*w**3 + 6*w**2 + w + 1. Let l(o) = -5*o**3 + 5*o**2 + o + 1. Let k(b) = 7*l(b) - 6*z(b). What is the units digit of k(-1)?
0
Suppose 3*p - 1 - 1 = v, -v - 4*p = 2. What is the units digit of (v/(-3)*15)/1?
0
Let k(g) be the third derivative of -g**4/8 - 4*g**3/3 - 2*g**2. What is the units digit of k(-7)?
3
Suppose 140 = 10*s - 8*s. What is the tens digit of s?
7
Let o be (-6)/(-8) - 3/4. Suppose 4*c - 85 + 1 = o. What is the tens digit of c?
2
Suppose a + 10 = 5*i, 3*a - 2*i = i - 6. Suppose 2*u - 14 = -a*u. What is the units digit of u?
7
Let j be (-1 + 3)*(-16)/32. Let v(i) = -21*i + 1. What is the tens digit of v(j)?
2
Let l(m) = 33*m**2 - 1. Suppose 2*p - 8 = 0, c - 2*c - 5*p = -19. Let n be l(c). Suppose 8 = 5*y - n. What is the units digit of y?
8
Let w(c) = -4*c**2 - 12 - 2 + 5*c**2 - c. What is the tens digit of w(7)?
2
Let a = -40 + 72. What is the units digit of a?
2
Let j(p) be the second derivative of p**5/20 + p**4/4 - p**3/2 + p**2/2 - 3*p. What is the tens digit of j(-3)?
1
Suppose 5*r = 17 + 18. Suppose -4*f + r = 3*y - 2*y, -4*y - 4 = 0. Suppose d - 30 = -f*d. What is the tens digit of d?
1
Let x = 15 + -9. What is the units digit of x?
6
Let z(h) = h + 3. Let n(m) = m + 3. Let s(b) = -4*n(b) + 5*z(b). What is the units digit of s(4)?
7
Suppose 5*a + 5*u + 11 = 236, 190 = 5*a - 2*u. What is the tens digit of a?
4
What is the units digit of (-12)/14*112/(-128)*440?
0
Suppose 13 = 3*n + y - 13, 4*n + 4*y = 48. Let c = n + 3. What is the units digit of c?
0
Let o(c) = 5*c**2 - 6*c + 7. Let n(r) = 14*r**2 - 18*r + 21. Let p(d) = 6*n(d) - 17*o(d). Let k be p(-7). Let w = k - -7. What is the units digit of w?
7
Suppose -2*p = -2*c + 140, 0 = 3*p - 0 - 6. What is the tens digit of c?
7
Let t = 103 - 84. What is the units digit of t?
9
Suppose 2*o - 25 = -3*o. Suppose 2*a = q - 14 - 4, 3*q = o*a + 52. What is the tens digit of q?
1
Let h = 12 + -10. What is the units digit of (4 + -1)/(h/6)?
9
Let z(p) = 13*p - 22. What is the units digit of z(7)?
9
Suppose -u + 22 = u - 4*j, -2*j + 10 = 0. What is the tens digit of u?
2
Suppose -2*u + 6*u = -d - 13, 5*u + 30 = -4*d. Let b = u - -6. Let p = 10 - b. What is the units digit of p?
6
Suppose -y - 5 = 0, -o + 2*y = 3*y - 76. What is the tens digit of o?
8
Suppose 2*b - f - 83 = 0, -4*f = 2*b - 24 - 44. What is the units digit of b?
0
Let v be 0 + (-1)/((-2)/12). Let h = v - 3. Let b(i) = 2*i**2 - 4*i - 1. What is the units digit of b(h)?
5
Let b be ((-24)/9)/((-6)/9). Suppose -5*r + 20 = 0, 3*k + b - 44 = 5*r. What is the units digit of k?
0
Let x(w) = w**3 + 7*w**2 + 5*w + 2. Let j be x(-6). Suppose j + 32 = 5*v. What is the units digit of v?
8
Suppose -5*j = 4*h - 231, 133 = -j + 4*j + h. What is the tens digit of j?
4
Suppose 4*u - 312 = 3*x, -3*u - 134 = 3*x + 157. Let p = -52 - x. What is the units digit of p?
8
Let z(b) = 2*b + 7. Let i be z(-5). Let g(u) = -u**3 - u**2 + 4*u + 1. Let c be g(i). Suppose 3*p - c*p + 20 = 0. What is the units digit of p?
5
Let o be 44 + (8/(-4))/(-2). Suppose 0 = -s + o - 11. What is the tens digit of s?
3
Suppose -1198 = -4*o - 2*c, 0 = c - 3*c - 6. What is the tens digit of o?
0
Suppose 4*m - 113 - 23 = 0. Suppose -m = l - 5*l + 2*n, 14 = -l - 4*n. What is the units digit of l?
6
Suppose 96 + 8 = 2*s. What is the units digit of s?
2
Let o(m) = m**3 + 7*m**2 - 8*m + 4. Suppose 6*y - 10 = y. Suppose -3*s = -0*s + 3*f + 33, f = y*s + 13. What is the units digit of o(s)?
4
Let o(f) = f + 20. Let g(t) = -t**2 - 8*t - 11. Let m(n) = -2*n - 2. Let a be m(3). Let l be g(a). What is the units digit of o(l)?
9
Suppose -2 - 104 = -m. Suppose -m = -5*l - 5*t + 114, -l = -3*t - 36. What is the units digit of l?
2
Let h(w) = w**3 - w**2 + 14. Suppose 6*k = 2*k. What is the units digit of h(k)?
4
Let l(m) = m + 2. Let h be l(-3). What is the units digit of (-7)/h - (-1 + 2)?
6
Let y be (-39)/18 + 3/18. What is the tens digit of (-3)/1 + (-48)/y?
2
Let o = -10 - 0. Let c = o - -15. Suppose a - c*x - 21 = 0, a + 3*a - 16 = 3*x. What is the units digit of a?
1
Let w be ((-15)/(-6))/((-1)/(-2)). Let g(o) = -o**2 + 0 - w*o - 2*o + 1. What is the units digit of g(-6)?
7
Let a(s) = -8*s + 1. Let x be a(-1). What is the units digit of 38/6 - 3/x?
6
Let w(u) = -u**3 + 3*u**2 - 7*u - 7. Let o(t) = t**3 - 4*t**2 + 7*t + 7. Let z(h) = -6*o(h) - 5*w(h). What is the units digit of z(8)?
1
Let l(a) = -a. Suppose -g = 3*g - 16. Suppose 0*p = 2*p + g. What is the units digit of l(p)?
2
Suppose 3*i + f + 796 = 7*i, 0 = 2*i - 3*f - 388. What is the tens digit of i?
0
Let z = 109 - 1. What is the units digit of z?
8
What is the tens digit of 4 + (-3 - (-128)/4)?
3
Suppose -1 + 3 = b. Suppose 42 = b*x - 3*k, 3*x - 2*k - 66 = k. Suppose 0*q = -h + 3*q + 4, 3*h + 3*q = x. What is the units digit of h?
7
What is the units digit of 13/(-26) + 74/4?
8
Let o be 8/(-28) + (-32)/(-14). Suppose 9 = 5*a - 4*y - 8, 3*a - 19 = -o*y. Suppose -a*w + 58 - 13 = 0. What is the units digit of w?
9
Let b = -1 + 2. Let u = -2 + b. What is the units digit of 0 + 2 - u/(-1)?
1
Let t = 336 + 1. What is the units digit of t?
7
Suppose 5*q - 123 = 72. What is the units digit of q?
9
Suppose 3*j - 2*d = 73, 3*j = 3*d + 102 - 24. What is the tens digit of j?
2
Let z be ((-1)/(-3))/(4/12). Let c = z - 10. What is the tens digit of (2/2)/(c/(-126))?
1
Let u be 7/((-14)/(-4)) - -7. Suppose 2*p - u = -p. Suppose -4*f + 0*j = -5*j - 23, p*j = -3*f - 3. What is the units digit of f?
2
Suppose -x + 7*k + 9 = 12*k, -2*k = 3*x - 14. What is the units digit of x?
4
Suppose -4*k = -9*k + 40. What is the units digit of k?
8
Suppose 5*j + 9 = 3*d, -2*j - 4*d + 21 - 9 = 0. Suppose j = g + g - 4. What is the units digit of g + 0 - (-4 - 5)?
1
Let t = 11 - 13. Let v(m) = m**2 - 5*m - 1. Let q be v(5). Let h = q - t. What is the units digit of h?
1
Let r = 8 - 5. Let h = -2 + 4. Suppose -r - 13 = -h*b. What is the units digit of b?
8
Let u(f) = -f**3 - 6*f**2 + f + 4. Let m be u(-6). What is the units digit of m - (-31 - (-12)/4)?
6
Suppose 30 = -2*f + i + 2*i, 5*i = -5*f - 75. Let p = f - -27. What is the units digit of p?
2
What is the units digit of (-1)/(-4) + 165/12?
4
Let a be ((-44)/(-77))/((-4)/(-14)). Let r = 12 + 24. Suppose -2*l - a*l = -r. What is the units digit of l?
9
Let m = -41 - -67. Let n = m + -15. What is the units digit of n?
1
Suppose -4*m + 0 = -8. Let y be 52/6 - m/(-6). Let b = y + -6. What is the units digit of b?
3
Suppose 5*d = -o - 3, -o - 4*d - 3 + 1 = 0. What is the units digit of o?
2
Let q(i) = -i**3 + i**2 + 4. Let l be q(-3). Suppose -l = -4*d - 0*d. What is the tens digit of d?
1
Let i = 2 + 3. Let d be 10/(-2)*(0 + -1). Suppose -45 = -d*o - i. What is the units digit of o?
8
Let a = 18 + 37. What is the tens digit of a?
5
Let v(x) = -x**2 - 11*x + 5. What is the tens digit of v(-8)?
2
Suppose -4*t = 39 + 17. Let b be (14/(-3))/(1/3). What is the units digit of (12/t)/(2/b)?
6
What is the units digit of 2/((-20)/(-595)) - (-1)/(-2)?
9
Let a be (-4)/(-6)*(-3)/(-2). Let v(k) = -a + 7 + 1 - k. What is the units digit of v(0)?
7
Suppose -8 = -2*m + 8. Let z = 0 + m. Suppose 0 = c - z. What is the units digit of c?
8
Let m be 30/(-75) - 4/(-10). What is the units digit of 42 - m/(5 - 1)?
2
Let m(k) = 7*k + 2. What is the units digit of m(8)?
8
Let n = -5 + 5. Suppose a - 12 = -2*z + 3, n = z + 3*a. Suppose -3*p = -z, 4*p = t - 3*t + 16. What is the units digit of t?
2
Let